 = -24. Calculate v(h).
-1
Let v(t) be the third derivative of -t**6/90 + t**4/4 - 17*t**2. Let i(n) be the second derivative of v(n). What is i(1)?
-8
Let r(h) = h + 10. Suppose -u = -z + 118, -5*u = -2*z + 6*z - 508. Suppose -80 + z = -6*n. Give r(n).
3
Suppose 4*r - 5*d + 16 = 0, 9 = -5*r + 4*d - 2. Suppose q + 8 = 6*n - 3*n, -q = n - 4. Let z(w) = -w + 2*w**2 + 1 - n*w**2 + 0*w**2 - 5*w**2. Give z(r).
-6
Suppose 3 = -1972*q + 1973*q. Let h(z) be the second derivative of -5/6*z**q + 1/12*z**4 + 0 + 7*z + 1/2*z**2. Give h(4).
-3
Let k be -12*(-8)/(-12) - (-3)/1. Let r(a) = -5 - 14 + a - 2*a**2 + 4*a. Let g(v) = -3*v**2 + 7*v - 28. Let d(o) = k*g(o) + 7*r(o). What is d(0)?
7
Let w(o) = -o**2 + 5*o + 3. Let t(g) = -g**2 + 10*g + 16. Let x be t(11). Suppose 0*a - a = -x. Calculate w(a).
3
Let k be 9/6 - ((-21)/(-6) - 2). Let n(o) be the third derivative of o**4/24 - 7*o**3/6 - 8*o**2. Determine n(k).
-7
Suppose -5*m = 4*s + 255, 5*s - 99 = 2*m + 6*s. Let i = 82 + m. Suppose 5*v + i = -2*y, 2*v - 3*y = 3*v + 20. Let j(t) = -t. Give j(v).
5
Let r(m) = 5*m**2 - 5*m - 1. Let y(b) = -b**2 + b. Let c(k) = -r(k) - 4*y(k). Let t(j) = j - 6. Let f be t(8). What is c(f)?
-1
Suppose -35*w + 16 = -2*y - 34*w, -2*y - 2*w = 16. Let g(a) = -2*a**2 - 15*a - 5. What is g(y)?
-13
Let f = -25 + 28. Suppose o + 2*s - 8 = -0*o, -s + f = 0. Let q(l) = -10 + l**o + 6 + 3 - 6*l. Determine q(6).
-1
Let w(c) = 4*c**2 - 2 - 14*c**2 - 5*c + 6 + 3*c**2 - c**3 + 2*c**2. Give w(-3).
1
Let j(b) = -8*b**3 + b - 1. Let g be j(1). Let r be 2*(-12)/g + 0. Let a(u) = 16 - r*u + 2*u - 11. Determine a(0).
5
Let b = 29 + -27. Let h(p) = 3*p**2 - b*p**2 - 4*p**2 + 4*p - 3 - p**3 + 0*p. Give h(-4).
-3
Let w(m) = -m**2 - m + 1. Let z(k) = 0*k + 8*k**2 - 2*k**2 + 4*k - 5 + 2*k. Let x(y) = -11*w(y) - 2*z(y). What is x(-3)?
-7
Let x(s) = 7*s**2 + s + 2. Let n = -118 - -117. Give x(n).
8
Let f(o) be the first derivative of -o**6/60 + o**5/30 - o**4/8 + o**3/3 + 10*o**2 + 1. Let w(r) be the second derivative of f(r). Determine w(2).
-12
Let w(t) be the first derivative of -13*t**3/3 - t**2/2 + 56. Give w(1).
-14
Suppose 0 = 2*b - 30 + 32. Let w(q) be the first derivative of 9*q**4/4 + q**3/3 + q**2/2 - 12. Give w(b).
-9
Let d(h) = -h**2 - 5*h - 3. Let y(q) be the third derivative of q**6/120 + 2*q**5/15 + 11*q**4/24 + q**3 + 4*q**2. Let k be y(-7). Let j = 20 + k. What is d(j)?
3
Let n(z) = z**3 - 3*z**2 - 7*z + 9. Let y be 10 + (4 - 3/(-6)*-20). What is n(y)?
-3
Let z(i) be the first derivative of -1/3*i**3 - 5 - 4*i + 3*i**2. What is z(6)?
-4
Let i be ((-2)/(-7))/((-5)/(-35)). Suppose 0 = -i*y + 1 + 3. Let j(d) = 0*d**y - 3*d + 10*d + 0*d**2 - 1 - d**2. Determine j(6).
5
Let s(z) be the second derivative of -z**4/6 + z**2 + 7*z. Let l be s(2). Let x(b) = -b**3 - 5*b**2 + 5*b + 1. What is x(l)?
7
Suppose 16 = 5*u - 9, 5*f = 4*u - 20. Let g be (4/6)/(4/(-6)) + f. Let h(x) = -8*x**3 - x**2 - 2*x - 1. Give h(g).
8
Let z(c) be the first derivative of 32 - 1/2*c**2 + 0*c - 10/3*c**3. What is z(-1)?
-9
Let n(f) = -2*f**3 + 2*f**2 - 1. Suppose 4*y + 3*b = -4 + 5, -7 = -5*y + 2*b. What is n(y)?
-1
Let m(w) be the third derivative of -5*w**4/24 - w**3/3 - 4*w**2. Let x be 12/8*4/3. Give m(x).
-12
Let v(w) = 2*w + 4 - 3 - w. Suppose 35*n + 79 - 126 = -362. Determine v(n).
-8
Let j(w) = -w**2 + 10 - 16*w**2 + 16*w**2 + 9*w. Determine j(9).
10
Let m(p) be the first derivative of -p**4/4 - 7*p**3/3 + 4*p**2 + 11*p - 193. Determine m(-8).
11
Let i(u) = -u**3 + 9*u**2 - 6*u - 3. Suppose 5*p + 45 = -20*c + 25*c, -3*c = 5*p - 19. What is i(c)?
13
Let m(r) be the first derivative of r**3/3 - 23*r**2/2 + 23*r + 31. Let c be m(22). Let k(f) = -4*f**3 - 2*f**2 + 1. What is k(c)?
-5
Let j be (-4)/((-16)/28)*4. Let m be (-22)/(-14) + 12/j. Let f be (m/(-6))/(2/(-6)). Let p(x) = -4*x. Calculate p(f).
-4
Let i(l) = l - 4. Let f be i(13). Suppose f*v - 8*v - 7 = 0. Suppose 3*k - v = -13. Let h(u) = 5*u + 1. Give h(k).
-9
Let p(i) = -i. Let q(a) be the third derivative of a**4/4 + a**3/3 - 7*a**2. Let c(n) = -2*p(n) - q(n). Suppose k = 1 + 1. Determine c(k).
-10
Suppose -f = -5*f. Suppose 2*x + 5*w + 14 = 0, -2*w + f*w = 8. Let o(p) = 2*p**2 - p - 4. Determine o(x).
11
Suppose i = 3*i - k - 15, 2*i - 20 = 2*k. Suppose 0 = 13*p - i*p. Let g(o) = -2*o**3 + 3 + 4*o**3 - o**3 + o**2. Calculate g(p).
3
Let j be (2 + (-24)/16)*20. Let f(k) = -k**3 + 11*k**2 - 9*k - 7. What is f(j)?
3
Let m(x) be the first derivative of -2*x**3/3 + 26*x**2 - 2*x - 261. Calculate m(26).
-2
Suppose 5*y + 25 = 0, 3*o = o + y - 75. Let u be 1/(-4) + o/(-32) - 0. Let m(x) = 4*x**2 + x - 1. Give m(u).
4
Let m(n) = -n - 2. Let u be -5*(-4)/(-20) + -7 + 1. What is m(u)?
5
Let i(p) = -p**3 - p**2 + 21. Let s(f) = -f**2 + f + 6. Let u = 55 - 52. Let a be s(u). Determine i(a).
21
Let a(q) = -9*q. Let h(l) = -l - 1. Let v(r) = a(r) - h(r). Suppose 3*z + b = 6, -b + 0 = -2*z - 1. Give v(z).
-7
Let b(u) = -6*u**3 + 2*u**2 + 2*u + 2. Let f(d) = -d**3 + 1. Suppose 66 - 71 = -5*j. Let q(k) = j*b(k) - 5*f(k). Give q(3).
-6
Suppose y + 15 = -4*y + 5*f, 4*y - 2*f = -6. Suppose -5*k + 3*r - 45 = y, r - 45 = 5*k - 0. Let b = k + 12. Let x(c) = -2*c + 1. What is x(b)?
-5
Let c(s) = -40*s**2 + 36*s - 24. Let q(u) = -9*u**2 + 9*u - 6. Let n(t) = -2*c(t) + 9*q(t). Calculate n(8).
2
Let h(d) = -d**2 - 5. Let y(q) = 7*q - 12. Let v be y(5). Let c = -23 + v. What is h(c)?
-5
Let b be 1 + 7 + -210 + 213. Let a(p) = -3*p + 24. Calculate a(b).
-9
Let j(u) = 7*u - 22. Let h(f) = -9*f + 21. Let d(o) = -3*h(o) - 4*j(o). Calculate d(8).
17
Let o = 15 - 19. Let i(f) = -8*f + 19. Let d(t) = -24*t + 58. Let p(k) = 2*d(k) - 7*i(k). Let z(w) = 3*w - 6. Let l(x) = -4*p(x) + 11*z(x). Determine l(o).
-2
Let j(s) = s**2 + 3*s - 7. Let f be 5 + 1 + -4 + -7. Calculate j(f).
3
Let n(i) be the third derivative of -1/6*i**3 - 1/120*i**6 + 1/60*i**5 + 0*i + 0 + 0*i**4 - 14*i**2. What is n(0)?
-1
Let w = -3 - -6. Suppose -y - 4 = w. Let i(a) = -a**3 - 6*a**2 + 8*a + 5. Determine i(y).
-2
Suppose -16 = b + 2*d, -17*d + 64 = -5*b - 19*d. Let s(w) = 3*w + 1 - 2 - w**2 - 15*w + 0*w**2. Give s(b).
-1
Let b(m) = -8*m - 3. Let d(p) = p**3 - 32*p**2 - 65*p - 104. Let u be d(34). What is b(u)?
13
Let w(h) = h**2 - 8*h - 1. Suppose 2*n - 5*m + 18 = -0*n, m - 2 = 2*n. Let t be (n/(-1))/((-1)/6). What is w(t)?
-13
Let x(y) be the first derivative of -1/4*y**4 + 2*y**3 + 0*y**2 - 4*y + 4. Determine x(6).
-4
Let w(a) = 5*a - 5*a**2 - a**2 - 12 + 8 + a**3. Let i(h) = h**3 - h**2 + h - 1. Let q(x) = -4*i(x) + w(x). What is q(1)?
-4
Let w(t) be the second derivative of -t**5/10 - t**4/12 + t**3/6 - t**2/2 + 11*t. Let g = 5 + -4. Give w(g).
-3
Let s(a) be the first derivative of -a**4/4 + a**3 - a**2 + 104. Suppose 7 = 2*q + 3. Determine s(q).
0
Let l(k) = 2*k**2 + 4*k + 5. Suppose 0 = -3*z - 3*j - 15, 2*z - j + 6 + 1 = 0. Calculate l(z).
21
Let m be 2/(-6) + (7 - 98/15). Let u(r) be the third derivative of 0 + 1/120*r**6 + 7/24*r**4 - m*r**5 + 5/3*r**3 + 0*r + 8*r**2. Calculate u(7).
10
Let f be -4 - (71 - -1)/(-1). Suppose -c + f = 3*c. Suppose 6*v - 3*u = 2*v - 1, 3*v + u + c = 0. Let m(h) = -2*h - 2. Determine m(v).
6
Suppose 4 = 4*n, m - 12 + 5 = -3*n. Let x(z) = 0 + 3*z**2 + 3 - z - m. What is x(-1)?
3
Let z(r) = -r**3 + r - 1. Suppose 7*g - 4*g - 9 = 0. Suppose 0 = 2*t + g + 1. Calculate z(t).
5
Let q(z) = -13*z - 7. Let n(d) = -28*d - 13. Let r = -57 - -44. Let p(k) = r*q(k) + 6*n(k). Give p(-8).
5
Let y = 74 + -74. Suppose y = -6*f + 19*f + 91. Let t(a) = -a**3 - 6*a**2 + 5*a - 3. Calculate t(f).
11
Let a(d) = 3*d**2 - 13*d + 5. Let q be a(5). Let b(f) = f**3 - 15*f**2 - f + 25. What is b(q)?
10
Let a(k) be the first derivative of -k**4/4 - 2*k**3/3 + 5*k**2/2 - 4*k - 38. Let z(x) = x**3 + x**2 - 5*x + 5. Let j(c) = -3*a(c) - 2*z(c). Calculate j(-5).
2
Let n(g) = 12 + 55*g**3 - 3*g**3 - 51*g**3 + 9*g**2 + 11*g. What is n(-6)?
54
Let o(h) be the second derivative of -1/24*h**5 + 1/12*h**4 - 2*h + 0 - 1/6*h**3 + 0*h**2. Let a(x) be the second derivative of o(x). What is a(2)?
-8
Suppose 4*z - 5*a - 26 = 0, 3*z + 2*a = 10 - 2. Suppose z*v - 3*p - 19 = 0, 1 = -0*v - v - 5*p. Let h(b) = -3*b - 1. Give h(v).
-13
Let r(b) = -128*b - 132*b + 258*b + 2. Calculate r(2).
-2
Suppose 0 = 4*v - 18 - 14. Let w